11
List the prime factors of 375579499.
223, 547, 3079
What are the prime factors of 5651123247?
3, 7, 11, 2718193
List the prime factors of 5451679.
17, 320687
What are the prime factors of 435992104?
2, 131, 416023
What are the prime factors of 303448160?
2, 5, 61, 31091
What are the prime factors of 1848297950?
2, 5, 73, 83, 6101
List the prime factors of 381269270.
2, 5, 1999, 19073
List the prime factors of 67517257.
211, 433, 739
What are the prime factors of 4063883533?
19, 213888607
List the prime factors of 57049220.
2, 5, 83, 34367
What are the prime factors of 146859905?
5, 1723, 17047
What are the prime factors of 1447768043?
1447768043
List the prime factors of 85162550.
2, 5, 11, 154841
What are the prime factors of 2002529487?
3, 7, 95358547
List the prime factors of 53585275.
5, 17, 59, 2137
What are the prime factors of 751592800?
2, 5, 7, 134213
List the prime factors of 9791880.
2, 3, 5, 7, 11657
What are the prime factors of 64869177?
3, 23, 37, 25409
List the prime factors of 131935370.
2, 5, 7, 1884791
What are the prime factors of 35101139?
35101139
What are the prime factors of 219741803?
219741803
What are the prime factors of 807078199?
26759, 30161
What are the prime factors of 6532504764?
2, 3, 563, 966919
List the prime factors of 459938299.
151, 3045949
What are the prime factors of 41543239?
41543239
List the prime factors of 78041033.
7, 17, 655807
List the prime factors of 7254808817.
19, 79, 521, 9277
List the prime factors of 37836141.
3, 7, 1117, 1613
List the prime factors of 1173361710.
2, 3, 5, 199, 196543
What are the prime factors of 1376892691?
197, 6989303
List the prime factors of 6414731629.
41, 953, 164173
List the prime factors of 8132639.
23, 347, 1019
What are the prime factors of 9969441?
3, 149, 22303
List the prime factors of 1737666558.
2, 3, 96537031
List the prime factors of 105717897.
3, 11746433
What are the prime factors of 4220748436?
2, 157, 1129, 5953
What are the prime factors of 2406393070?
2, 5, 240639307
What are the prime factors of 125962500?
2, 3, 5, 3359
What are the prime factors of 6396464435?
5, 4943, 258809
List the prime factors of 21233730.
2, 3, 5, 7, 101113
List the prime factors of 5049858614.
2, 2524929307
What are the prime factors of 28156916?
2, 43, 127, 1289
What are the prime factors of 73488014?
2, 191, 192377
List the prime factors of 1828234009.
7, 17, 15363311
List the prime factors of 597854590.
2, 5, 547, 109297
List the prime factors of 9386722.
2, 19, 13001
What are the prime factors of 2922238?
2, 11, 19, 6991
What are the prime factors of 13550398?
2, 173, 39163
List the prime factors of 3928342410.
2, 3, 5, 127, 343687
What are the prime factors of 155726342?
2, 77863171
What are the prime factors of 2575793222?
2, 2153, 598187
What are the prime factors of 95694317?
19, 5036543
List the prime factors of 879197981.
89, 1069, 9241
List the prime factors of 8966967.
3, 31, 96419
List the prime factors of 34066312.
2, 7, 23, 26449
List the prime factors of 940509521.
7, 137, 980719
What are the prime factors of 52917542?
2, 26458771
List the prime factors of 84519030.
2, 3, 5, 19, 148279
What are the prime factors of 65508661?
65508661
List the prime factors of 430002200.
2, 5, 2150011
What are the prime factors of 34312461?
3, 19, 523, 1151
List the prime factors of 455682274.
2, 7901, 28837
What are the prime factors of 842294649?
3, 7, 61, 657529
What are the prime factors of 1419910358?
2, 877, 809527
List the prime factors of 1365189010.
2, 5, 136518901
What are the prime factors of 2511746135?
5, 19, 1039, 25447
What are the prime factors of 2016283897?
2016283897
List the prime factors of 120838687.
3331, 36277
List the prime factors of 945631027.
11, 79, 839, 1297
What are the prime factors of 75656345?
5, 1997, 7577
List the prime factors of 533520262.
2, 11, 24250921
List the prime factors of 504423889.
16427, 30707
List the prime factors of 1838607161.
61, 97, 310733
What are the prime factors of 2036101?
41, 53, 937
What are the prime factors of 186610050?
2, 3, 5, 11, 37699
List the prime factors of 67603466.
2, 7, 29, 269, 619
What are the prime factors of 255691167?
3, 6781, 12569
List the prime factors of 4043000358.
2, 3, 74870377
What are the prime factors of 108442661?
108442661
What are the prime factors of 77615535?
3, 5, 131, 39499
What are the prime factors of 3370849106?
2, 137, 12302369
What are the prime factors of 21825437?
47, 464371
What are the prime factors of 175704023?
11, 3943, 4051
What are the prime factors of 44382451?
653, 67967
What are the prime factors of 3785960782?
2, 1892980391
List the prime factors of 125171362.
2, 811, 77171
What are the prime factors of 3034605626?
2, 13, 151, 499, 1549
List the prime factors of 3171150423.
3, 7, 313, 160817
List the prime factors of 701487381.
3, 7, 149, 32027
What are the prime factors of 1306639?
181, 7219
List the prime factors of 1914828561.
3, 1993, 106753
List the prime factors of 172344509.
172344509
List the prime factors of 33316577.
7, 263, 18097
What are the prime factors of 1313452102?
2, 19, 3313, 10433
List the prime factors of 81918881.
11, 29, 256799
List the prime factors of 1073582788.
2, 107, 2508371
What are the prime factors of 7356087682?
2, 7907, 465163
What are the prime factors of 424174485?
3, 5, 7, 139, 29063
What are the prime factors of 171429233?
171429233
What are the prime factors of 20917728?
2, 3, 13, 37, 151
What are the prime factors of 2244217705?
5, 97, 4627253
List the prime factors of 29958548.
2, 59, 126943
What are the prime factors of 107664463?
107664463
What are the prime factors of 330524851?
16657, 19843
List the prime factors of 479849389.
19, 439, 57529
List the prime factors of 1519221173.
29, 223, 347, 677
What are the prime factors of 218764883?
218764883
List the prime factors of 240779843.
67, 173, 20773
List the prime factors of 9558188.
2, 2389547
List the prime factors of 173854219.
7, 11, 977, 2311
What are the prime factors of 2307791410?
2, 5, 1949, 118409
What are the prime factors of 109855388?
2, 61, 450227
List the prime factors of 102113274.
2, 3, 1621, 10499
What are the prime factors of 22994518?
2, 11497259
List the prime factors of 1207254878.
2, 47, 12843137
List the prime factors of 1967219752.
2, 97, 383, 6619
What are the prime factors of 64071787?
13, 379123
What are the prime factors of 2700022130?
2, 5, 13, 20769401
What are the prime factors of 71799302?
2, 29, 1237919
List the prime factors of 85670046.
2, 3, 7, 11, 113, 547
What are the prime factors of 3521127292?
2, 53, 89, 186619
List the prime factors of 1869864076.
2, 31, 15079549
List the prime factors of 57095040.
2, 3, 5, 131, 227
What are the prime factors of 13969741?
13969741
List the prime factors of 2014976277.
3, 19, 3927829
What are the prime factors of 15702636?
2, 3, 1063, 1231
What are the prime factors of 179019275?
5, 59, 121369
List the prime factors of 27205700.
2, 5, 197, 1381
List the prime factors of 6012619173.
3, 11, 20244509
What are the prime factors of 5816756063?
2689, 2163167
What are the prime factors of 50554212?
2, 3, 19, 221729
What are the prime factors of 156207950?
2, 5, 23, 41, 3313
List the prime factors of 2916018397.
2916018397
List the prime factors of 1429307313.
3, 7, 9723179
List the prime factors of 6162148465.
5, 11, 112039063
List the prime factors of 273429800.
2, 5, 7, 27901
What are the prime factors of 2374681285?
5, 223, 257, 8287
What are the prime factors of 62159667?
3, 17, 37, 32941
List the prime factors of 8313015421.
8313015421
List the prime factors of 18897183.
3, 17, 29, 4259
What are the prime factors of 196003136?
2, 7, 62501
List the prime factors of 36301489.
7, 5185927
What are the prime factors of 1778488019?
7, 11, 23097247
List the prime factors of 5246340205.
5, 181, 5797061
List the prime factors of 73940170.
2, 5, 23, 151, 2129
List the prime factors of 219311095.
5, 23, 1907053
List the prime factors of 3274902351.
3, 7, 51982577
List the prime factors of 259615504.
2, 16225969
What are the prime factors of 64482360?
2, 3, 5, 17, 73, 433
List the prime factors of 14184541.
7, 101, 20063
List the prime factors of 530315890.
2, 5, 13, 4079353
What are the prime fact